{"id":9067,"date":"2025-03-19T12:05:14","date_gmt":"2025-03-19T11:05:14","guid":{"rendered":"https:\/\/wernerwilmes.eu\/fotoblog\/?page_id=9067"},"modified":"2026-03-06T19:40:21","modified_gmt":"2026-03-06T18:40:21","slug":"jahrmillionen","status":"publish","type":"page","link":"https:\/\/wernerwilmes.eu\/fotoblog\/jahrmillionen\/","title":{"rendered":"Jahrmillionen"},"content":{"rendered":"\t\t<div data-elementor-type=\"wp-page\" data-elementor-id=\"9067\" class=\"elementor elementor-9067\" data-elementor-post-type=\"page\">\n\t\t\t\t<div class=\"elementor-element elementor-element-f658548 e-flex e-con-boxed e-con e-parent\" data-id=\"f658548\" data-element_type=\"container\" data-e-type=\"container\">\n\t\t\t\t\t<div class=\"e-con-inner\">\n\t\t\t\t<div class=\"elementor-element elementor-element-0a94c7a elementor-widget elementor-widget-heading\" data-id=\"0a94c7a\" data-element_type=\"widget\" data-e-type=\"widget\" data-widget_type=\"heading.default\">\n\t\t\t\t\t<h2 class=\"elementor-heading-title elementor-size-default\">Jahrmillionen - Info<\/h2>\t\t\t\t<\/div>\n\t\t\t\t\t<\/div>\n\t\t\t\t<\/div>\n\t\t<div class=\"elementor-element elementor-element-008b761 e-flex e-con-boxed e-con e-parent\" data-id=\"008b761\" data-element_type=\"container\" data-e-type=\"container\">\n\t\t\t\t\t<div class=\"e-con-inner\">\n\t\t\t\t<div class=\"elementor-element elementor-element-af83a85 elementor-widget elementor-widget-image\" data-id=\"af83a85\" data-element_type=\"widget\" data-e-type=\"widget\" data-widget_type=\"image.default\">\n\t\t\t\t\t\t\t\t\t\t\t\t\t\t\t<img decoding=\"async\" src=\"https:\/\/wernerwilmes.eu\/fotoblog\/wp-content\/uploads\/elementor\/thumbs\/Jahrmillionen-Titel-r3305uf7yuw62td78af9mx5lmgzkm5bvg4n5vgwkqo.png\" title=\"Jahrmillionen Titelbild\" alt=\"Titelbild mit Berglandschaft dunkle Wolken mit Sonne, Ruine eines Fort\" loading=\"lazy\" \/>\t\t\t\t\t\t\t\t\t\t\t\t\t\t\t<\/div>\n\t\t\t\t\t<\/div>\n\t\t\t\t<\/div>\n\t\t<div class=\"elementor-element elementor-element-c95b186 e-flex e-con-boxed e-con e-parent\" data-id=\"c95b186\" data-element_type=\"container\" data-e-type=\"container\">\n\t\t\t\t\t<div class=\"e-con-inner\">\n\t\t\t\t<div class=\"elementor-element elementor-element-d61bbd4 elementor-widget elementor-widget-text-editor\" data-id=\"d61bbd4\" data-element_type=\"widget\" data-e-type=\"widget\" data-widget_type=\"text-editor.default\">\n\t\t\t\t\t\t\t\t\t<p>Hier findest du Informationen zu den Orten, die im Film &#8222;Jahrmillionen&#8220; vorkommen. Es sind haupts\u00e4chlich Angaben zum Ort, damit du ihn leichter finden kannst.<\/p>\t\t\t\t\t\t\t\t<\/div>\n\t\t\t\t\t<\/div>\n\t\t\t\t<\/div>\n\t\t<div class=\"elementor-element elementor-element-7fd86b9 e-flex e-con-boxed e-con e-parent\" data-id=\"7fd86b9\" data-element_type=\"container\" data-e-type=\"container\">\n\t\t\t\t\t<div class=\"e-con-inner\">\n\t\t\t\t<div class=\"elementor-element elementor-element-09767f4 elementor-widget elementor-widget-heading\" data-id=\"09767f4\" data-element_type=\"widget\" data-e-type=\"widget\" data-widget_type=\"heading.default\">\n\t\t\t\t\t<h2 class=\"elementor-heading-title elementor-size-default\">Orte und Infos<\/h2>\t\t\t\t<\/div>\n\t\t\t\t\t<\/div>\n\t\t\t\t<\/div>\n\t\t<div class=\"elementor-element elementor-element-3b29a7b e-flex e-con-boxed e-con e-parent\" data-id=\"3b29a7b\" data-element_type=\"container\" data-e-type=\"container\">\n\t\t\t\t\t<div class=\"e-con-inner\">\n\t\t\t\t<div class=\"elementor-element elementor-element-2aba811 elementor-widget elementor-widget-text-editor\" data-id=\"2aba811\" data-element_type=\"widget\" data-e-type=\"widget\" data-widget_type=\"text-editor.default\">\n\t\t\t\t\t\t\t\t\t<p><strong>Wanderungen :<\/strong><\/p><p><strong style=\"color: var( --e-global-color-text ); font-family: var( --e-global-typography-text-font-family ), Sans-serif; text-align: var(--text-align); font-size: 1rem;\">Cruz de Muela<\/strong><span style=\"color: var( --e-global-color-text ); font-family: var( --e-global-typography-text-font-family ), Sans-serif; font-weight: var( --e-global-typography-text-font-weight ); text-align: var(--text-align); font-size: 1rem;\"> (CV-868, Orihuela-Montepinar, Calle Alicante Montepinar. Am s\u00fcdlichen Ende der Stra\u00dfe beginnt der Wanderweg) <span style=\"text-decoration: underline;\"><a href=\"https:\/\/youtu.be\/f6hnjALfSiQ\" target=\"_blank\" rel=\"noopener\"><strong>Video 8:46 min<\/strong><\/a><\/span><\/span><\/p><p><strong>Cima del Cocoll<\/strong> (5 km \u00f6stlich von Castell de Castells, CV-752, Abzweig n\u00f6rdlich auf Schotterweg zu H\u00e4usern, an Dreiecks-Kreuzung parken. Weg zum Gipfel nach Norden, 324 H\u00f6henmeter, 4 Km zum Gipfel) <span style=\"text-decoration: underline;\"><a href=\"https:\/\/youtu.be\/lflJtz-4Wds\" target=\"_blank\" rel=\"noopener\"><strong>Video 7:08 min<\/strong><\/a><\/span><\/p><p><strong>Sierra de Crevillente, Pico La Vella 835 m<\/strong> (Hond\u00f3n de los Frailes, CV-845, Camino Casas Galianas bis Parkplatz Berenador de la Costa, Wanderweg ist dort erkl\u00e4rt, Wander-App hilfreich oder meiner Wegbeschreibung folgen) <a href=\"https:\/\/wernerwilmes.eu\/fotoblog\/la-vella-sierra-de-crevillente\/\"><span style=\"text-decoration: underline;\"><strong>Genaue Wanderbeschreibung<\/strong><\/span><\/a><\/p><p><strong>Pico Teix, Gran Cava<\/strong> (Sierra de Mariola, Nordseite, Dorf Agres, CV-700, Parken unten im Dorf, Fu\u00dfweg s\u00fcdlich bergauf, vorbei am Monastir, Gipfel 1.264m, 560 H\u00f6henmeter, Route auf Tafel erkl\u00e4rt) <a href=\"https:\/\/wernerwilmes.eu\/fotoblog\/pico-teix-sierra-de-mariola\/\"><span style=\"text-decoration: underline;\"><strong>Genaue Wanderbeschreibung<\/strong><\/span><\/a><\/p><p><strong>Presa d&#8217;Isbert<\/strong> (westlich von Orba CV-721, Richtung El Campell, vorher rechts abbiegen in Partida Isbert, Parken bei La Casa del Pantano, direkt links an der Mauer von La Casa vorbei zum Tunnel, kurze Wanderung 700 m zur Schlucht)<\/p><p><strong>Sa Cova de Dalt<\/strong> (6,2 km \u00f6stlich von Castell de Castells, CV-752, Parken am Schild Port de Sa Creueta an der Nordseite der Stra\u00dfe, 100 m bergauf. Dort sind Bienenst\u00f6cke. Rechts davon beginnt der nicht beschilderte Trampelpfad. Begehbar nur bei Tageslicht wegen fehlender Kennzeichnung. 163 H\u00f6henmeter, optischer Zielpunkt ist der gut sichtbare beige-braune Abbruch am Felsen). <span style=\"text-decoration: underline;\"><a href=\"https:\/\/wernerwilmes.eu\/fotoblog\/sa-cova-de-dalt\/\"><strong>Genaue Wanderbeschreibung<\/strong><\/a><\/span><\/p><p><strong>Fort de B\u00e8rnia<\/strong> (CV-755, n\u00f6rdlich von Altea La Vella, Beschilderung rechts Fort de B\u00e8rnia. Vom Parkplatz auf 678 m H\u00f6he dem Trampelpfad folgen, beschildert, 1,3 km und 150 H\u00f6henmeter. Achtung, Parkplatz ist klein, die Zufahrt ist sehr steil, wenig Ausweichm\u00f6glichkeiten) <a href=\"https:\/\/wernerwilmes.eu\/fotoblog\/fort-de-bernia\/\"><span style=\"text-decoration: underline;\"><strong>Genaue Wanderbeschreibung<\/strong><\/span><\/a><\/p><p><strong>Puig de Campana<\/strong> (Finestrat CV-758, Parkplatz n\u00f6rdlich der Stadt, beschildert. Vom Parkplatz links um den Berg herum wandern, dann Abzweig rechts Trampelpfad in Serpentinen bergauf, insgesamt 1.026 H\u00f6henmeter, Gipfel 1.410 m) <a href=\"https:\/\/wernerwilmes.eu\/fotoblog\/puig-de-campana\/\"><span style=\"text-decoration: underline;\"><strong>Genaue Wanderbeschreibung<\/strong><\/span><\/a><\/p><p><strong>Penya Negra<\/strong> (n\u00f6rdlich von Crevillente auf Carrer Molins fahren. Hinter dem Wasserviadukt Els Pontets parken, schmale Stra\u00dfe bergauf gehen, nach 300 m rechts auf den Trampelpfad wechseln, oben am Abzweig rechts gehen. Insgesamt 1,2 km und 165 H\u00f6henmeter)<\/p><p><strong>Pantano de Elche<\/strong> (Wanderung von Elche durch den Barranco am Rio Vinalop\u00f3 entlang, 4 km. Oder vom Kreisverkehr am Busbahnhof CV-8615 nach Norden auf Camino del Pantano fahren. Am Abzweig 38\u00b018&#8217;25N 0\u00b042&#8217;33W links abbiegen und nach 560 m parken. Dann den Fu\u00dfweg rechts gehen, 900 m bis zum Stausee) <span style=\"text-decoration: underline;\"><a href=\"https:\/\/youtu.be\/fGyT21y8zJk\" target=\"_blank\" rel=\"noopener\"><strong>Video 3:57 min.<\/strong><\/a><\/span><\/p><p><strong>Barranc de l&#8217;Infern<\/strong>\u00a0 (Abstieg in den Barranco direkt hinter Font Grossa, 100 m westlich hinter Fleix, CV-721, Abzweig rechts, 300 m weiter auf Trampelpfad abbiegen)<\/p><p><span style=\"color: var( --e-global-color-text ); font-family: var( --e-global-typography-text-font-family ), Sans-serif; font-weight: var( --e-global-typography-text-font-weight ); text-align: var(--text-align); font-size: 1rem;\">\u00a0<\/span><\/p><p><strong>Sehensw\u00fcrdigkeiten :<\/strong><\/p><p><strong>Guadalest<\/strong> (nordwestlich von Altea, CV-755)<\/p><p><strong>Embalse de Crevillente<\/strong> (nord\u00f6stlich von Crevillente, N-325, links abbiegen auf Partida de Tah\u00falla)<\/p><p><strong>Embalse de Amadorio<\/strong>, Orxeta CV-770<\/p><p><strong>Fuentes del Algar<\/strong> CV-715<\/p><p><strong>Mirador de T\u00e0rbena<\/strong> CV-715<\/p><p><strong>Coll de Rates<\/strong> CV-715<\/p><p><strong>Castell de Relleu<\/strong> CV-778<\/p><p><strong>Castell de Benifallim<\/strong> CV-780<\/p><p><strong>Barranco de la Moleta<\/strong> CV-785<\/p><p><strong>Pou d&#8217;Aigua Potable<\/strong> CV-785<\/p><p><strong>Port Tudons<\/strong> CV-785<\/p><p><strong>Sierra de Aitana<\/strong> CV-785<\/p><p><strong>Santuari de Santa Maria Magdalena<\/strong>, Novelda CV-832<\/p><p><strong>Castell de La Mola<\/strong>, Novelda CV-832<\/p><p><strong>Vall de Ebo<\/strong> CV-712<\/p><p><strong>Font de la Serra<\/strong>, La Vall de Ebo, Carrer del Calvari\/Barranc de Cocons<\/p><p><strong>Margarida<\/strong> CV-712<\/p><p><strong>Vall de Gallinera<\/strong> CV-700<\/p><p><strong>Planes<\/strong> CV-700<\/p><p><strong>Embalse de Beniarr\u00e9s<\/strong> CV-711<\/p><p><strong>Vall de Lugar<\/strong> CV-721<\/p><p><strong>Vall de Pop<\/strong>, Cami de Collao und CV-720<\/p><p><strong>El Campell<\/strong> CV-721<\/p><p><strong>Font Grossa<\/strong> CV-721, 100 m westl. hinter Fleix, rechts<\/p><p><strong>Castillo de Sax<\/strong> A31<\/p><p><strong>Castillo de Biar<\/strong> CV-799<\/p><p><strong>Sierra del Maigmo<\/strong> CV-817<\/p><p><strong>Cova de les Calaveres<\/strong>, Benidoleig CV-733<\/p><p><strong>La Venta de Collao<\/strong>, Cami de Collao, Verl\u00e4ngerung der CV-721<\/p><p><strong>Ermita de Petracos<\/strong> CV-720 abbiegen in Cami a la Vall d&#8217;Ebo, 400 m<\/p><p><strong>Pla de Petracos<\/strong> (H\u00f6hlenmalerei) CV-720 abbiegen in Cami a la Vall d&#8217;Ebo, 1,8 km<\/p><p><strong>Nevera de Baix<\/strong> (Schneespeicher, 800 m \u00f6stlich von Alcal\u00e1 de la Jovada CV-712)<\/p><p><strong>L&#8217;Atzuvieta<\/strong> (maurisches Dorf, 300 m \u00f6stlich von Alcal\u00e1 de la Jovada CV-712)<\/p><p><strong>Ll\u00edber<\/strong> (Jal\u00f3n-Tal CV-745)<\/p><p><strong>Pedreguer<\/strong> (Molinos CV-724)<\/p>\t\t\t\t\t\t\t\t<\/div>\n\t\t\t\t\t<\/div>\n\t\t\t\t<\/div>\n\t\t<div class=\"elementor-element elementor-element-fe201a0 e-flex e-con-boxed e-con e-parent\" data-id=\"fe201a0\" data-element_type=\"container\" data-e-type=\"container\">\n\t\t\t\t\t<div class=\"e-con-inner\">\n\t\t\t\t<div class=\"elementor-element elementor-element-04e95f4 elementor-widget elementor-widget-text-editor\" data-id=\"04e95f4\" data-element_type=\"widget\" data-e-type=\"widget\" data-widget_type=\"text-editor.default\">\n\t\t\t\t\t\t\t\t\t<p><strong>Costa-Blanca Bergwelt\u00a0 &#8211;\u00a0 Jahrmillionen<\/strong><\/p><p>Ein bildgewaltiges 4K-Video \u00fcber die Bergwelt der Costa Blanca. Werner Wilmes zeigt die faszinierende Landschaft der Provincia Alicante mit vielen Erkl\u00e4rungen und Erz\u00e4hlungen zu Orten und Historie. Taucht ein in eine Bilderflut voller Farben untermalt mit fantastischer Musik. Es gibt viele Ausflugs- und Wandertipps. Am Ende verdichten sich zu Aufnahmen passend zu dem eigens f\u00fcr diesen Film gemachten Song &#8222;Jahrmillionen&#8220;. 57 Min. 4K &#8211; Aufnahmen von Oktober 2024 bis Ende Februar 2025<\/p>\t\t\t\t\t\t\t\t<\/div>\n\t\t\t\t\t<\/div>\n\t\t\t\t<\/div>\n\t\t<div class=\"elementor-element elementor-element-77b5219 e-flex e-con-boxed e-con e-parent\" data-id=\"77b5219\" data-element_type=\"container\" data-e-type=\"container\">\n\t\t\t\t\t<div class=\"e-con-inner\">\n\t\t\t\t<div class=\"elementor-element elementor-element-9642789 elementor-widget elementor-widget-video\" data-id=\"9642789\" data-element_type=\"widget\" data-e-type=\"widget\" data-settings=\"{&quot;youtube_url&quot;:&quot;https:\\\/\\\/youtu.be\\\/Z8SdYVA2ALg&quot;,&quot;video_type&quot;:&quot;youtube&quot;,&quot;controls&quot;:&quot;yes&quot;}\" data-widget_type=\"video.default\">\n\t\t\t\t\t\t\t<div class=\"elementor-wrapper elementor-open-inline\">\n\t\t\t<div class=\"elementor-video\"><\/div>\t\t<\/div>\n\t\t\t\t\t\t<\/div>\n\t\t\t\t\t<\/div>\n\t\t\t\t<\/div>\n\t\t<div class=\"elementor-element elementor-element-b675a03 e-flex e-con-boxed e-con e-parent\" data-id=\"b675a03\" data-element_type=\"container\" data-e-type=\"container\">\n\t\t\t\t\t<div class=\"e-con-inner\">\n\t\t\t\t<div class=\"elementor-element elementor-element-da4d0b3 elementor-align-center elementor-widget elementor-widget-button\" data-id=\"da4d0b3\" data-element_type=\"widget\" data-e-type=\"widget\" data-widget_type=\"button.default\">\n\t\t\t\t\t\t\t\t\t\t<a class=\"elementor-button elementor-button-link elementor-size-sm\" href=\"https:\/\/youtube.com\/@wilmesdoku\" target=\"_blank\" rel=\"noopener\">\n\t\t\t\t\t\t<span class=\"elementor-button-content-wrapper\">\n\t\t\t\t\t\t\t\t\t<span class=\"elementor-button-text\">Traumhaft sch\u00f6ne Videos auf meinem Kanal<\/span>\n\t\t\t\t\t<\/span>\n\t\t\t\t\t<\/a>\n\t\t\t\t\t\t\t\t<\/div>\n\t\t\t\t\t<\/div>\n\t\t\t\t<\/div>\n\t\t<div class=\"elementor-element elementor-element-34c4fe7 e-flex e-con-boxed e-con e-parent\" data-id=\"34c4fe7\" data-element_type=\"container\" data-e-type=\"container\">\n\t\t\t\t\t<div class=\"e-con-inner\">\n\t\t\t\t<div class=\"elementor-element elementor-element-20863a6 elementor-align-center elementor-widget elementor-widget-button\" data-id=\"20863a6\" data-element_type=\"widget\" data-e-type=\"widget\" data-widget_type=\"button.default\">\n\t\t\t\t\t\t\t\t\t\t<a class=\"elementor-button elementor-button-link elementor-size-sm\" href=\"https:\/\/www.facebook.com\/werner.wilmes.5055\" target=\"_blank\" rel=\"noopener\">\n\t\t\t\t\t\t<span class=\"elementor-button-content-wrapper\">\n\t\t\t\t\t\t<span class=\"elementor-button-icon\">\n\t\t\t\t<svg aria-hidden=\"true\" class=\"e-font-icon-svg e-fab-facebook\" viewBox=\"0 0 512 512\" xmlns=\"http:\/\/www.w3.org\/2000\/svg\"><path d=\"M504 256C504 119 393 8 256 8S8 119 8 256c0 123.78 90.69 226.38 209.25 245V327.69h-63V256h63v-54.64c0-62.15 37-96.48 93.67-96.48 27.14 0 55.52 4.84 55.52 4.84v61h-31.28c-30.8 0-40.41 19.12-40.41 38.73V256h68.78l-11 71.69h-57.78V501C413.31 482.38 504 379.78 504 256z\"><\/path><\/svg>\t\t\t<\/span>\n\t\t\t\t\t\t\t\t\t<span class=\"elementor-button-text\">Besuche mein facebook<\/span>\n\t\t\t\t\t<\/span>\n\t\t\t\t\t<\/a>\n\t\t\t\t\t\t\t\t<\/div>\n\t\t\t\t\t<\/div>\n\t\t\t\t<\/div>\n\t\t\t\t<\/div>\n\t\t","protected":false},"excerpt":{"rendered":"<p>Jahrmillionen &#8211; Info Hier findest du Informationen zu den Orten, die im Film &#8222;Jahrmillionen&#8220; vorkommen. Es sind haupts\u00e4chlich Angaben zum Ort, damit du ihn leichter finden kannst. Orte und Infos Wanderungen : Cruz de Muela (CV-868, Orihuela-Montepinar, Calle Alicante Montepinar. Am s\u00fcdlichen Ende der Stra\u00dfe beginnt der Wanderweg) Video 8:46 min Cima del Cocoll (5 [&hellip;]<\/p>\n","protected":false},"author":1,"featured_media":0,"parent":0,"menu_order":0,"comment_status":"open","ping_status":"closed","template":"elementor_header_footer","meta":{"footnotes":""},"class_list":["post-9067","page","type-page","status-publish","hentry"],"_links":{"self":[{"href":"https:\/\/wernerwilmes.eu\/fotoblog\/wp-json\/wp\/v2\/pages\/9067","targetHints":{"allow":["GET"]}}],"collection":[{"href":"https:\/\/wernerwilmes.eu\/fotoblog\/wp-json\/wp\/v2\/pages"}],"about":[{"href":"https:\/\/wernerwilmes.eu\/fotoblog\/wp-json\/wp\/v2\/types\/page"}],"author":[{"embeddable":true,"href":"https:\/\/wernerwilmes.eu\/fotoblog\/wp-json\/wp\/v2\/users\/1"}],"replies":[{"embeddable":true,"href":"https:\/\/wernerwilmes.eu\/fotoblog\/wp-json\/wp\/v2\/comments?post=9067"}],"version-history":[{"count":115,"href":"https:\/\/wernerwilmes.eu\/fotoblog\/wp-json\/wp\/v2\/pages\/9067\/revisions"}],"predecessor-version":[{"id":12648,"href":"https:\/\/wernerwilmes.eu\/fotoblog\/wp-json\/wp\/v2\/pages\/9067\/revisions\/12648"}],"wp:attachment":[{"href":"https:\/\/wernerwilmes.eu\/fotoblog\/wp-json\/wp\/v2\/media?parent=9067"}],"curies":[{"name":"wp","href":"https:\/\/api.w.org\/{rel}","templated":true}]}}